ivided by 198.
45
What is the remainder when 345 is divided by 51?
39
What is the remainder when 2576 is divided by 30?
26
What is the remainder when 2636 is divided by 7?
4
Calculate the remainder when 6846 is divided by 32.
30
Calculate the remainder when 546 is divided by 56.
42
Calculate the remainder when 247 is divided by 25.
22
What is the remainder when 172 is divided by 61?
50
What is the remainder when 140 is divided by 25?
15
Calculate the remainder when 846 is divided by 57.
48
What is the remainder when 266 is divided by 170?
96
Calculate the remainder when 174 is divided by 90.
84
What is the remainder when 152 is divided by 9?
8
What is the remainder when 158 is divided by 27?
23
Calculate the remainder when 3743 is divided by 57.
38
What is the remainder when 15 is divided by 10?
5
What is the remainder when 2601 is divided by 42?
39
What is the remainder when 232 is divided by 115?
2
What is the remainder when 531 is divided by 14?
13
What is the remainder when 194 is divided by 43?
22
What is the remainder when 654 is divided by 94?
90
What is the remainder when 7512 is divided by 3752?
8
Calculate the remainder when 139 is divided by 35.
34
What is the remainder when 369 is divided by 13?
5
What is the remainder when 279 is divided by 19?
13
What is the remainder when 91 is divided by 2?
1
Calculate the remainder when 2146 is divided by 433.
414
Calculate the remainder when 135 is divided by 14.
9
Calculate the remainder when 508 is divided by 71.
11
What is the remainder when 128 is divided by 26?
24
Calculate the remainder when 1205 is divided by 394.
23
Calculate the remainder when 3202 is divided by 8.
2
What is the remainder when 1471 is divided by 367?
3
Calculate the remainder when 900 is divided by 13.
3
Calculate the remainder when 4278 is divided by 1412.
42
Calculate the remainder when 564 is divided by 48.
36
Calculate the remainder when 156 is divided by 14.
2
Calculate the remainder when 5361 is divided by 12.
9
Calculate the remainder when 10747 is divided by 20.
7
What is the remainder when 1699 is divided by 244?
235
Calculate the remainder when 569 is divided by 19.
18
What is the remainder when 33 is divided by 28?
5
Calculate the remainder when 137 is divided by 62.
13
Calculate the remainder when 667 is divided by 328.
11
Calculate the remainder when 802 is divided by 13.
9
What is the remainder when 158 is divided by 27?
23
Calculate the remainder when 97 is divided by 14.
13
What is the remainder when 5779 is divided by 17?
16
What is the remainder when 1828 is divided by 141?
136
Calculate the remainder when 282 is divided by 13.
9
Calculate the remainder when 416 is divided by 14.
10
Calculate the remainder when 1722 is divided by 15.
12
Calculate the remainder when 1366 is divided by 327.
58
Calculate the remainder when 408 is divided by 84.
72
What is the remainder when 174 is divided by 73?
28
Calculate the remainder when 246 is divided by 37.
24
Calculate the remainder when 134 is divided by 23.
19
What is the remainder when 857 is divided by 13?
12
What is the remainder when 144 is divided by 20?
4
Calculate the remainder when 63 is divided by 55.
8
Calculate the remainder when 54284 is divided by 55.
54
What is the remainder when 627 is divided by 4?
3
Calculate the remainder when 1031 is divided by 98.
51
Calculate the remainder when 23 is divided by 8.
7
What is the remainder when 140 is divided by 11?
8
What is the remainder when 74 is divided by 16?
10
Calculate the remainder when 139 is divided by 60.
19
Calculate the remainder when 223 is divided by 46.
39
Calculate the remainder when 127 is divided by 5.
2
What is the remainder when 38 is divided by 20?
18
Calculate the remainder when 2677 is divided by 72.
13
What is the remainder when 165 is divided by 24?
21
What is the remainder when 233 is divided by 3?
2
Calculate the remainder when 2218 is divided by 185.
183
Calculate the remainder when 64 is divided by 21.
1
What is the remainder when 86 is divided by 48?
38
Calculate the remainder when 381 is divided by 35.
31
What is the remainder when 782 is divided by 87?
86
What is the remainder when 474 is divided by 17?
15
What is the remainder when 199 is divided by 52?
43
Calculate the remainder when 396 is divided by 91.
32
What is the remainder when 95 is divided by 50?
45
Calculate the remainder when 7833 is divided by 1957.
5
Calculate the remainder when 1244 is divided by 78.
74
Calculate the remainder when 308 is divided by 127.
54
What is the remainder when 137 is divided by 28?
25
What is the remainder when 44 is divided by 10?
4
What is the remainder when 471 is divided by 144?
39
Calculate the remainder when 170 is divided by 52.
14
What is the remainder when 1943 is divided by 216?
215
What is the remainder when 365 is divided by 92?
89
What is the remainder when 157 is divided by 81?
76
What is the remainder when 2459 is divided by 404?
35
What is the remainder when 238 is divided by 27?
22
What is the remainder when 924 is divided by 84?
0
What is the remainder when 692 is divided by 6?
2
What is the remainder when 659 is divided by 168?
155
Calculate the remainder when 2015 is divided by 665.
20
Calculate the remainder when 657 is divided by 136.
113
Calculate the remainder when 155 is divided by 39.
38
Calculate the remainder when 85 is divided by 76.
9
Calculate the remainder when 301 is divided by 16.
13
Calculate the remainder when 456 is divided by 9.
6
What is the remainder when 30128 is divided by 121?
120
What is the remainder when 76073 is divided by 11?
8
Calculate the remainder when 960 is divided by 37.
35
Calculate the remainder when 65 is divided by 46.
19
What is the remainder when 183 is divided by 86?
11
What is the remainder when 134 is divided by 8?
6
What is the remainder when 1291 is divided by 345?
256
What is the remainder when 931 is divided by 72?
67
What is the remainder when 103 is divided by 41?
21
Calculate the remainder when 401 is divided by 122.
35
What is the remainder when 5795 is divided by 187?
185
What is the remainder when 161 is divided by 35?
21
What is the remainder when 591 is divided by 8?
7
Calculate the remainder when 47 is divided by 47.
0
What is the remainder when 1124 is divided by 372?
8
What is the remainder when 592 is divided by 66?
64
What is the remainder when 100 is divided by 55?
45
What is the remainder when 746 is divided by 30?
26
Calculate the remainder when 2774 is divided by 174.
164
What is the remainder when 33 is divided by 20?
13
Calculate the remainder when 42281 is divided by 9.
8
What is the remainder when 318 is divided by 19?
14
Calculate the remainder when 318 is divided by 111.
96
Calculate the remainder when 133 is divided by 72.
61
Calculate the remainder when 97 is divided by 3.
1
What is the remainder when 296 is divided by 113?
70
What is the remainder when 3643 is divided by 81?
79
Calculate the remainder when 1065 is divided by 12.
9
What is the remainder when 121 is divided by 38?
7
What is the remainder when 3011 is divided by 131?
129
Calculate the remainder when 113 is divided by 74.
39
Calculate the remainder when 353 is divided by 71.
69
What is the remainder when 59 is divided by 41?
18
Calculate the remainder when 2398 is divided by 20.
18
What is the remainder when 1098 is divided by 38?
34
Calculate the remainder when 65 is divided by 46.
19
What is the remainder when 744 is divided by 25?
19
Calculate the remainder when 290 is divided by 99.
92
What is the remainder when 2034 is divided by 662?
48
Calculate the remainder when 453 is divided by 119.
96
What is the remainder when 241 is divided by 219?
22
What is the remainder when 466 is divided by 91?
11
Calculate the remainder when 4377 is divided by 22.
21
What is the remainder when 706 is divided by 146?
122
What is the remainder when 5 is divided by 3?
2
Calculate the remainder when 238 is divided by 10.
8
Calculate the remainder when 843 is divided by 19.
7
Calculate the remainder when 4444 is divided by 57.
55
What is the remainder when 92 is divided by 34?
24
Calculate the remainder when 236 is divided by 34.
32
Calculate the remainder when 140 is divided by 48.
44
What is the remainder when 1292 is divided by 419?
35
Ca